 factors of 29129.
29129
List the prime factors of 366.
2, 3, 61
What are the prime factors of 68669?
68669
List the prime factors of 104128.
2, 1627
List the prime factors of 1907.
1907
What are the prime factors of 14838?
2, 3, 2473
List the prime factors of 912.
2, 3, 19
List the prime factors of 143.
11, 13
List the prime factors of 106865.
5, 11, 29, 67
List the prime factors of 782.
2, 17, 23
List the prime factors of 353.
353
List the prime factors of 2726.
2, 29, 47
List the prime factors of 3441.
3, 31, 37
What are the prime factors of 7139?
11, 59
What are the prime factors of 2292?
2, 3, 191
What are the prime factors of 53143?
19, 2797
List the prime factors of 6104.
2, 7, 109
What are the prime factors of 889?
7, 127
What are the prime factors of 531?
3, 59
List the prime factors of 4408.
2, 19, 29
What are the prime factors of 2704?
2, 13
What are the prime factors of 2426?
2, 1213
What are the prime factors of 37170?
2, 3, 5, 7, 59
What are the prime factors of 1741?
1741
List the prime factors of 2139.
3, 23, 31
What are the prime factors of 18239?
13, 23, 61
List the prime factors of 2172.
2, 3, 181
What are the prime factors of 21978?
2, 3, 11, 37
List the prime factors of 14524.
2, 3631
What are the prime factors of 6254?
2, 53, 59
What are the prime factors of 1772?
2, 443
What are the prime factors of 13263?
3, 4421
What are the prime factors of 3119?
3119
List the prime factors of 5105.
5, 1021
What are the prime factors of 63349?
11, 13, 443
List the prime factors of 11850.
2, 3, 5, 79
What are the prime factors of 21227?
21227
List the prime factors of 6664.
2, 7, 17
List the prime factors of 22985.
5, 4597
List the prime factors of 1925.
5, 7, 11
What are the prime factors of 2252?
2, 563
What are the prime factors of 11017?
23, 479
List the prime factors of 175.
5, 7
List the prime factors of 5753.
11, 523
What are the prime factors of 1402?
2, 701
List the prime factors of 19475.
5, 19, 41
What are the prime factors of 29138?
2, 17, 857
What are the prime factors of 10961?
97, 113
What are the prime factors of 20?
2, 5
What are the prime factors of 13747?
59, 233
List the prime factors of 26588.
2, 17, 23
List the prime factors of 555.
3, 5, 37
What are the prime factors of 1336?
2, 167
What are the prime factors of 455?
5, 7, 13
List the prime factors of 862.
2, 431
What are the prime factors of 54359?
19, 2861
What are the prime factors of 8637?
3, 2879
What are the prime factors of 1079?
13, 83
What are the prime factors of 13317?
3, 23, 193
List the prime factors of 71.
71
What are the prime factors of 2394?
2, 3, 7, 19
List the prime factors of 1129.
1129
What are the prime factors of 93?
3, 31
What are the prime factors of 18409?
41, 449
What are the prime factors of 2216?
2, 277
What are the prime factors of 11348?
2, 2837
What are the prime factors of 39641?
7, 809
What are the prime factors of 14398?
2, 23, 313
List the prime factors of 134999.
134999
What are the prime factors of 57711?
3, 19237
What are the prime factors of 3625?
5, 29
What are the prime factors of 1170?
2, 3, 5, 13
What are the prime factors of 32354?
2, 7, 2311
What are the prime factors of 49752?
2, 3, 691
List the prime factors of 2832.
2, 3, 59
What are the prime factors of 1303?
1303
List the prime factors of 24.
2, 3
What are the prime factors of 11106?
2, 3, 617
What are the prime factors of 5951?
11, 541
List the prime factors of 992.
2, 31
What are the prime factors of 108338?
2, 19, 2851
What are the prime factors of 22567?
22567
What are the prime factors of 308?
2, 7, 11
What are the prime factors of 16235?
5, 17, 191
List the prime factors of 6100.
2, 5, 61
List the prime factors of 3211.
13, 19
List the prime factors of 273.
3, 7, 13
What are the prime factors of 14068?
2, 3517
List the prime factors of 9748.
2, 2437
List the prime factors of 3943.
3943
What are the prime factors of 174?
2, 3, 29
List the prime factors of 1008.
2, 3, 7
List the prime factors of 78.
2, 3, 13
List the prime factors of 8945.
5, 1789
List the prime factors of 560.
2, 5, 7
What are the prime factors of 28958?
2, 14479
What are the prime factors of 20232?
2, 3, 281
List the prime factors of 11771.
79, 149
What are the prime factors of 5710?
2, 5, 571
List the prime factors of 2373.
3, 7, 113
List the prime factors of 1527.
3, 509
List the prime factors of 30343.
19, 1597
List the prime factors of 2112.
2, 3, 11
What are the prime factors of 37564?
2, 9391
List the prime factors of 162756.
2, 3, 11, 137
What are the prime factors of 812?
2, 7, 29
List the prime factors of 16825.
5, 673
List the prime factors of 7369.
7369
What are the prime factors of 48327?
3, 89, 181
What are the prime factors of 115742?
2, 11, 5261
List the prime factors of 4919.
4919
What are the prime factors of 1256?
2, 157
What are the prime factors of 55447?
7, 89
What are the prime factors of 1172?
2, 293
List the prime factors of 121527.
3, 7, 643
What are the prime factors of 313?
313
List the prime factors of 1320.
2, 3, 5, 11
What are the prime factors of 121699?
131, 929
List the prime factors of 36162.
2, 3, 7, 41
What are the prime factors of 709?
709
What are the prime factors of 15826?
2, 41, 193
List the prime factors of 1273.
19, 67
What are the prime factors of 15124?
2, 19, 199
List the prime factors of 58635.
3, 5, 1303
What are the prime factors of 9898?
2, 7, 101
What are the prime factors of 10587?
3, 3529
List the prime factors of 111453.
3, 97, 383
List the prime factors of 112623.
3, 7, 31, 173
List the prime factors of 2193.
3, 17, 43
List the prime factors of 3424.
2, 107
List the prime factors of 33582.
2, 3, 29, 193
What are the prime factors of 1443?
3, 13, 37
What are the prime factors of 1071?
3, 7, 17
What are the prime factors of 4499?
11, 409
List the prime factors of 493.
17, 29
What are the prime factors of 722?
2, 19
What are the prime factors of 17429?
29, 601
What are the prime factors of 1079?
13, 83
List the prime factors of 770.
2, 5, 7, 11
List the prime factors of 3194.
2, 1597
List the prime factors of 2802.
2, 3, 467
What are the prime factors of 4182?
2, 3, 17, 41
List the prime factors of 32571.
3, 7, 11, 47
List the prime factors of 13566.
2, 3, 7, 17, 19
List the prime factors of 6939.
3, 257
List the prime factors of 21763.
7, 3109
List the prime factors of 12081.
3, 4027
What are the prime factors of 35835?
3, 5, 2389
List the prime factors of 5008.
2, 313
List the prime factors of 2406.
2, 3, 401
List the prime factors of 3192.
2, 3, 7, 19
List the prime factors of 9700.
2, 5, 97
What are the prime factors of 224?
2, 7
What are the prime factors of 3621?
3, 17, 71
What are the prime factors of 1735?
5, 347
List the prime factors of 1340.
2, 5, 67
What are the prime factors of 4232?
2, 23
What are the prime factors of 1893?
3, 631
What are the prime factors of 1879?
1879
What are the prime factors of 18228?
2, 3, 7, 31
What are the prime factors of 34650?
2, 3, 5, 7, 11
List the prime factors of 1390.
2, 5, 139
List the prime factors of 22864.
2, 1429
What are the prime factors of 8506?
2, 4253
List the prime factors of 46593.
3, 31, 167
List the prime factors of 186.
2, 3, 31
List the prime factors of 3359.
3359
What are the prime factors of 1992?
2, 3, 83
List the prime factors of 20607.
3, 6869
List the prime factors of 702.
2, 3, 13
List the prime factors of 16157.
107, 151
List the prime factors of 864.
2, 3
List the prime factors of 2468.
2, 617
List the prime factors of 1450.
2, 5, 29
List the prime factors of 7483.
7, 1069
List the prime factors of 4443.
3, 1481
What are the prime factors of 2836?
2, 709
List the prime factors of 12596.
2, 47, 67
List the prime factors of 3489.
3, 1163
List the prime factors of 2969.
2969
What are the prime factors of 19088?
2, 1193
What are the prime factors of 1729?
7, 13, 19
What are the prime factors of 6798?
2, 3, 11, 103
List the prime factors of 79219.
7, 11317
List the prime factors of 129740.
2, 5, 13, 499
List the prime factors of 1705.
5, 11, 31
What are the prime factors of 1865?
5, 373
What are the prime factors of 2057?
11, 17
List the prime factors of 11284.
2, 7, 13, 31
List the prime factors of 10367.
7, 1481
What are the prime factors of 3867?
3, 1289
List the p